 when 13 is divided by j(o)?
1
Let u(g) = -g**2 + 7*g - 3. Let q be u(9). Let a = q + 28. What is the remainder when a is divided by 4?
3
Let v = 1784 - 1765. What is the remainder when (333/(-6))/((-2)/4) is divided by v?
16
Let f(z) = z**3 - 2*z**2 + 4*z + 78. Calculate the remainder when f(0) is divided by 45.
33
Let l(x) = x**3 + 17*x**2 + 27*x - 9. What is the remainder when 142 is divided by l(-15)?
34
Let i(h) = h + 1. Let s(t) = 3*t - 24. Let g(o) = 5*i(o) - s(o). Calculate the remainder when 63 is divided by g(-8).
11
Let s = 216 + -151. Suppose 0 = -4*q - 0*q + 16. Let a = 21 - q. Calculate the remainder when s is divided by a.
14
Suppose 10*q = 45*q - 1400. Calculate the remainder when q is divided by 11.
7
Let g(j) = -2*j + 38. Calculate the remainder when g(-8) is divided by 8.
6
Let x(l) = l. Let m(o) = -9*o + 1. Let t(n) = m(n) + 2*x(n). What is the remainder when 59 is divided by t(-2)?
14
Suppose -4*a + 129 = -11. Let x(z) = -19*z**2 - z. Let d be x(-1). Let k = d + a. Calculate the remainder when k is divided by 6.
5
Let t(n) be the first derivative of n**4/4 - 4*n**3/3 - 4*n**2 - 5*n - 5. Let v(r) = 14*r**2 - r - 2. Calculate the remainder when v(-2) is divided by t(6).
18
Suppose 0 = -13*v - 457 - 752. Let a = v + 188. What is the remainder when a is divided by 33?
29
What is the remainder when 23 is divided by -12*((-93)/12 + 7)?
5
Suppose -4*u + w + 168 = u, 138 = 4*u + w. Let j(o) = o**3 - 3*o**2 + 2*o + 1. What is the remainder when u is divided by j(3)?
6
Suppose 4*h + 226 = 5*w - 33, 0 = -5*w - 2*h + 283. Suppose 55 = 2*t - 1. Calculate the remainder when w is divided by t.
27
Let w = 14 - 28. Let v = w - -25. Suppose 6*h - 210 = -5*x + 2*h, -84 = -2*x - 2*h. Calculate the remainder when x is divided by v.
9
Let s = -34 + 39. Suppose f = -s*o + o + 51, 5*f - 330 = -5*o. What is the remainder when f is divided by 18?
17
What is the remainder when 782 - (-10 + 7) - 3 is divided by 9?
8
Let t = 34 - -161. Calculate the remainder when t is divided by 40.
35
Calculate the remainder when 1 + 0 + 8/(104/299) is divided by 15.
9
Let b = -4 - -6. Suppose 289 + 200 = 5*j - 2*t, -5*j - b*t = -501. Calculate the remainder when j is divided by 25.
24
Suppose 57*g - 1647 - 918 = 0. Calculate the remainder when g is divided by 27.
18
Let j = -408 - -426. What is the remainder when 99 is divided by j?
9
Let z(v) = -v**3 - 7*v - 3 + 2*v + 23*v**2 - 26*v**2. Calculate the remainder when z(-4) is divided by 13.
7
Let s = -288 + 366. Calculate the remainder when s is divided by 42.
36
Let w = -123 + 149. Suppose -6 - 18 = -6*h. What is the remainder when w is divided by h?
2
Suppose -4*s + 8*g = 6*g - 514, -g = s - 136. Calculate the remainder when s is divided by 20.
11
Let i = 1 - -7. Suppose i = 2*q, -2*g - 2*q - 1 + 93 = 0. Suppose -2*f + 40 = 4*w, -f + 3*w + 69 = 2*f. What is the remainder when g is divided by f?
20
Let o = -2376 - -2623. Calculate the remainder when o is divided by 120.
7
Let x be -1*-22*(2 + 0). Let p = x + 0. What is the remainder when 305 is divided by p?
41
Suppose 156 = 4*w + 24. Calculate the remainder when w is divided by 19.
14
Let v(u) = u**2 - 11*u + 89. Calculate the remainder when v(0) is divided by 10.
9
Calculate the remainder when 278 is divided by 99 + 9/18*(-8)/(-2).
76
Let k be (-15)/6 - 396/24. Let u be 2/(-5) + (-36)/10. Calculate the remainder when 149 is divided by k*(-1 - (-4)/u).
35
Let b(n) = -2*n**2 + 44*n - 20. What is the remainder when b(20) is divided by 18?
6
Suppose 93*t - 360 = 85*t. What is the remainder when 447 is divided by t?
42
Let m = 704 - 461. Calculate the remainder when m is divided by 34.
5
Let x = 2065 - 1743. Calculate the remainder when x is divided by 10.
2
Let f be (-10 - -5)*(2 + 1). Let j = f - -30. Calculate the remainder when ((-12)/(-10))/(1/35) is divided by j.
12
Suppose 3*w - 50 = -y, 5*y = 2*w - 75 + 19. What is the remainder when 85 is divided by w?
13
Let k(o) = 18 + 14*o + 2*o - 3 - 5*o. Let v be k(11). Suppose 5*q = -v + 341. What is the remainder when q is divided by 14?
13
Suppose 0 = 667*u - 666*u - 93. Calculate the remainder when u is divided by 32.
29
Suppose -10*s - 2*s + 1968 = 0. What is the remainder when s is divided by 24?
20
Suppose 3*q - 47 = 38 - 34. Let h(y) = -7*y - 6. Let f be h(-7). Suppose t - 6 = f. Calculate the remainder when t is divided by q.
15
Let s(x) = -x**3 + 5*x**2 - 6*x + 8. Let r be s(4). Suppose f + r*f = 18. What is the remainder when (-1 - 786/(-15)) + 2/(-5) is divided by f?
15
Let n(i) = i**3 - 5*i**2 + 3*i - 10. Let d be n(5). Suppose -d*m + 11*m = 144. Calculate the remainder when 93 is divided by m.
21
Let i = -2 - -4. Let u be 8 + 0/i + -3. Suppose -u*r = -74 - 191. Calculate the remainder when r is divided by 14.
11
Suppose -4*w = -37 - 111. Suppose -3*a = -0*a - 399. Let j = a - 113. What is the remainder when w is divided by j?
17
Calculate the remainder when 3*11 - (-19 - -19) is divided by 6.
3
Suppose -5*w - 3*n = -114, -3*n = -3*w + 182 - 128. Calculate the remainder when 312 is divided by w.
18
Let h be 4 + (-5 + -3 - -4) + 80. Suppose -75*s = -h*s + 265. What is the remainder when s is divided by 29?
24
Suppose -2*h - 3*n + 0*n = -13, 4*h - 3*n - 17 = 0. Suppose -3*w + 4*y + 15 = 0, -h*w + 3*y = -11 - 25. Calculate the remainder when 87 is divided by w.
6
Let k = -276 + 293. Calculate the remainder when 182 is divided by k.
12
Let m = 563 - 523. Calculate the remainder when 187 is divided by m.
27
Let a(f) = 4*f + 1. Let m be a(-2). What is the remainder when 26 is divided by 4*4 + 7 + m?
10
Suppose -2*d + 8 = 0, -p + 524 = 3*p + 2*d. What is the remainder when 399 is divided by p?
12
Let l(c) = c**2 + 13*c - 52. Let z be l(-12). Suppose 156 = -4*p - 204. Let d = z - p. Calculate the remainder when 50 is divided by d.
24
Let b(w) = -w + 1. Let k be b(-1). Suppose -6 = 3*y - 4*r + 1, 0 = -k*y + r + 2. Suppose 5*i - 63 = -y. Calculate the remainder when 22 is divided by i.
10
Suppose -4*d + 7 = -o, o - 4*d - 29 = -4*o. Suppose 42*z - 504 - 126 = 0. What is the remainder when z is divided by o?
6
Suppose 0 = -5*y + 2*i + 16, 6*y - 3*y - 10 = i. Let d(m) = 0*m + 2 - y*m + m**2 - 3. Calculate the remainder when d(-6) is divided by 15.
14
Let g = 23 + -51. Let a(i) = -2*i - 22. Let j be a(-14). Calculate the remainder when 53 is divided by j/14 + (-744)/g.
26
Calculate the remainder when ((-20)/8)/(21/(-1302)) is divided by 22.
1
Let t(z) = 16 - 7*z + 14*z + 22 - 16 - 4*z. Let y(c) = -c**3 + 5*c**2 + 6*c - 5. Let u be y(6). What is the remainder when 40 is divided by t(u)?
5
Suppose -5*f + 4*b = -171, 3*f - 35 = 2*b + 68. What is the remainder when f is divided by 8?
3
Suppose -3*s + w + 103 = -77, 0 = -4*s - w + 240. Calculate the remainder when 112 is divided by s.
52
Suppose 137 = 3*g + 2*i, 37 + 4 = g - 4*i. Let c = 126 + -66. Suppose a = 6*a - c. Calculate the remainder when g is divided by a.
9
What is the remainder when 214 is divided by 462/15 - 4/(-20)?
28
Let z = 36 - 25. Let c be (272/24)/((-4)/(-6)). Suppose 4*d - z = c. Calculate the remainder when 32 is divided by d.
4
Suppose -426 = -3*x - 3*i - 108, 0 = -3*i - 6. Suppose 7*d + 5*d = x. What is the remainder when 26 is divided by d?
8
Suppose 0 = 5*c + 15, 6*k + 3*c + 1 = 2*k. Suppose s - 12 = 4*m, -k + 11 = s - m. Let w(f) = -4*f + 2. Calculate the remainder when w(-5) is divided by s.
6
Let w(n) = 838*n**3 + 2*n**2 + n - 3. What is the remainder when w(1) is divided by 60?
58
Suppose 0 = 4*p - 5*z - 185, 4*p + 2*z - 177 = -z. Calculate the remainder when p is divided by 31.
14
Suppose -3*j = 3*l - 957, -2*j - 339 = -3*l + 628. Calculate the remainder when l is divided by 12.
9
Suppose -x = -8 - 5. Let v = 21526 - 21521. What is the remainder when x is divided by v?
3
Let l be -3*(-1)/(-3) - -10. Suppose -3*y + 33 = -3*t, -2*y + 3*t + l = -3*y. What is the remainder when ((-1)/(-3))/((-1)/(-33)) is divided by y?
5
Suppose 0*i + 451 = 41*i. What is the remainder when 174 is divided by i?
9
Let s = 253 - 121. Let r be s + (-1 - -2) + 2. Suppose -4*f - 11 = -r. What is the remainder when f is divided by 17?
14
Let a = 184 + -181. Let i = 1 + 25. What is the remainder when i is divided by a?
2
Let l = -19 + 19. Suppose -3*y = -4*q - 2, l*y + 